01101 - 0?
1010000101101
In base 8, what is 11 - -3446?
3457
In base 7, what is -15 - 24?
-42
In base 13, what is -3 + 1a7?
1a4
In base 6, what is -2201 - -4?
-2153
In base 10, what is 85 - -5?
90
In base 6, what is -22 + 3?
-15
In base 11, what is -149 + -14?
-162
In base 13, what is c8b - -4?
c92
In base 16, what is 18a - 18?
172
In base 12, what is 715 - 7?
70a
In base 7, what is -41 - -55?
14
In base 11, what is -21 - 25?
-46
In base 8, what is 110 + 3?
113
In base 12, what is -20 - -2a?
a
In base 14, what is -128 - 3?
-12b
In base 16, what is 4c - 5e?
-12
In base 15, what is -a1 - 11?
-b2
In base 6, what is 1311 - -3?
1314
In base 8, what is -13 - -26?
13
In base 15, what is 105a + -6?
1054
In base 12, what is -10 - -209?
1b9
In base 8, what is 10223 + 3?
10226
In base 9, what is -182 - -6?
-175
In base 9, what is -6 + 2381?
2374
In base 5, what is 20 - 1211?
-1141
In base 12, what is 1164 + 4?
1168
In base 4, what is -3 + -1312?
-1321
In base 16, what is 66a + 7?
671
In base 9, what is -48 - 4?
-53
In base 14, what is b84c - -3?
b851
In base 16, what is 1dc - -2?
1de
In base 3, what is 11202 + -10?
11122
In base 9, what is 0 + 38?
38
In base 11, what is 9 - -8a9?
907
In base 4, what is -110 + -31?
-201
In base 4, what is 3031 - 3?
3022
In base 10, what is 2495 + 0?
2495
In base 9, what is 10272 - -5?
10277
In base 14, what is -5 - 6c?
-73
In base 10, what is -27 + 6?
-21
In base 2, what is -1101110111 - 11?
-1101111010
In base 4, what is -11 - 20130?
-20201
In base 3, what is -102120 - -11?
-102102
In base 13, what is 8 - 7?
1
In base 8, what is -5 - 30?
-35
In base 10, what is -19 + -288?
-307
In base 5, what is -11 + -2233?
-2244
In base 12, what is -69 + 4?
-65
In base 15, what is -879 - -1?
-878
In base 9, what is 10 + -163?
-153
In base 11, what is -220 - 2?
-222
In base 3, what is -1102 + 202?
-200
In base 10, what is 143 - 3?
140
In base 7, what is 1 + 114?
115
In base 4, what is 2 - -101?
103
In base 4, what is 10 + 1022?
1032
In base 7, what is 13 + 16?
32
In base 12, what is -70 + -3?
-73
In base 15, what is -47 + -a0?
-e7
In base 4, what is -1 - -1321?
1320
In base 14, what is -2 - -c?
a
In base 4, what is -11 - -2330?
2313
In base 4, what is -1 - 13?
-20
In base 3, what is -110 - 111?
-221
In base 6, what is -4451 - 4?
-4455
In base 5, what is -3231 + -11?
-3242
In base 10, what is -5950 - -8?
-5942
In base 11, what is -4 + 4?
0
In base 7, what is 3 - 304?
-301
In base 16, what is -3 - -332?
32f
In base 10, what is 5 - -33?
38
In base 14, what is 4 + -22?
-1c
In base 8, what is 1666 - 3?
1663
In base 8, what is -50 + -21?
-71
In base 10, what is 3 + -121?
-118
In base 11, what is -5 + 504?
4aa
In base 8, what is 114 - -3?
117
In base 16, what is -a - 12?
-1c
In base 9, what is 4 + 2784?
2788
In base 6, what is 30 - -1312?
1342
In base 12, what is 447 + -3?
444
In base 15, what is 5 - c8?
-c3
In base 10, what is -5 + 64?
59
In base 14, what is -4 - 1577?
-157b
In base 12, what is -b87 - 5?
-b90
In base 4, what is -121102 - 10?
-121112
In base 14, what is -3 - 15b?
-160
In base 11, what is -35 - 1a5?
-22a
In base 14, what is -6b - 1?
-6c
In base 14, what is 6c + 4c?
ba
In base 4, what is 1200 + -1231?
-31
In base 5, what is -424 - -4?
-420
In base 10, what is 40 + 30?
70
In base 7, what is -3445 + 0?
-3445
In base 6, what is -3225 + -4?
-3233
In base 7, what is 11646 + 3?
11652
In base 16, what is 39 - 197?
-15e
In base 12, what is 405 - 4?
401
In base 12, what is -98 - -4?
-94
In base 7, what is 3042 - -3?
3045
In base 5, what is 234 - -3?
242
In base 13, what is 5 - -218?
220
In base 7, what is 32 - 6?
23
In base 15, what is 1ac9 - -2?
1acb
In base 5, what is -34021 - -1?
-34020
In base 8, what is 2 - -536?
540
In base 3, what is -100222 - -2?
-100220
In base 3, what is -211 + 1?
-210
In base 16, what is 1 + b76?
b77
In base 10, what is -19 - -14?
-5
In base 9, what is -5 - -3444?
3438
In base 8, what is -5 + -42?
-47
In base 13, what is -966 + -3?
-969
In base 11, what is -3 - -23?
20
In base 13, what is 1bb - 4?
1b7
In base 2, what is 1 + 1100?
1101
In base 14, what is 2d - 35?
-6
In base 4, what is -11232 + 32?
-11200
In base 16, what is -9 - 3fc?
-405
In base 12, what is -1417 + -5?
-1420
In base 8, what is 1020 + 3?
1023
In base 11, what is 75a - 13?
747
In base 13, what is -23 - 20?
-43
In base 7, what is 4 - -35?
42
In base 7, what is 150 - -12?
162
In base 2, what is -11110111000111 + -101?
-11110111001100
In base 13, what is 6b9 + 0?
6b9
In base 8, what is 4 - -21?
25
In base 5, what is -10042 - -1?
-10041
In base 16, what is -4c + 9?
-43
In base 16, what is -9 - 1e?
-27
In base 6, what is -104 - -104?
0
In base 6, what is -352 + -10?
-402
In base 14, what is b78 - -5?
b7d
In base 7, what is -2143 + 6?
-2134
In base 16, what is -1 - 26f?
-270
In base 14, what is -5 + 24a?
245
In base 5, what is -1 + -21?
-22
In base 10, what is 52 - -74?
126
In base 9, what is -5 + 1606?
1601
In base 12, what is -23 - 6?
-29
In base 4, what is 301 + 10?
311
In base 3, what is -1010112 - -10?
-1010102
In base 13, what is 7 - -b2?
b9
In base 10, what is 440 - -5?
445
In base 4, what is 10 + -112?
-102
In base 11, what is 18 + 276?
293
In base 12, what is -b - -1b?
10
In base 4, what is 1220 - -10?
1230
In base 15, what is 20c - -a?
217
In base 6, what is -1105 + 1?
-1104
In base 13, what is -123 + -3?
-126
In base 2, what is -1000 + 11111011011?
11111010011
In base 16, what is 3 - 1a?
-17
In base 6, what is -2450 + 31?
-2415
In base 16, what is -6 + -32?
-38
In base 14, what is 18 - 2a?
-12
In base 4, what is -1 - 333310?
-333311
In base 13, what is -3b - 1?
-3c
In base 5, what is 3424 - -10?
3434
In base 13, what is -2824 - 3?
-2827
In base 10, what is -5774 - 4?
-5778
In base 16, what is 3 + -7?
-4
In base 16, what is -6 - 127?
-12d
In base 9, what is -1 + -263?
-264
In base 13, what is 64 - -a?
71
In base 8, what is 2 - 65?
-63
In base 2, what is -1000011100 - -101?
-1000010111
In base 9, what is -34602 + -4?
-34606
In base 6, what is 4 + -120?
-112
In base 12, what is 57 - -1?
58
In base 4, what is 102 - 13?
23
In base 14, what is -dc - 1?
-dd
In base 5, what is 420 - -222?
1142
In base 6, what is -24 + -515?
-543
In base 4, what is 0 + 120?
120
In base 5, what is -2 + 114?
112
In base 14, what is 17 + -81?
-68
In base 2, what is 1110 + 111?
10101
In base 2, what is 111111 + -11110?
100001
In base 9, what is -71 + 5?
-65
In base 7, what is 2 + -4365?
-4363
In base 11, what is 6 + 5?
10
In base 16, what is 16 - 1d?
-7
In base 10, what is 3 - -110?
113
In base 6, what is 241 - -2?
243
In base 4, what is -1011 + 1323?
312
In base 10, what is -19 - 55?
-74
In base 15, what is -a5 - 24?
-c9
In base 13, what is -168 + b?
-15a
In base 2, what is 1110010 + -1?
1110001
In base 8, what is -1 - 231?
-232
In base 13, what is -5 + -36?
-3b
In base 14, what is -1 - -16?
15
In base 12, what is 3 + -344?
-341
In base 12, what is -144 + 7?
-139
In base 6, what is -4 - 154?
-202
In base 4, what is -2211302 + -2?
-2211310
In base 3, what is -1 + -10212011?
-10212012
In base 16, what is -23 - 51?
-74
In base 4, what is -1 + 1012?
1011
In base 4, what is -2 - 222?
-230
In base 16, what is -86 + -18?
-9e
In base 14, what is -106 + -3?
-109
In base 16, what is 0 + -33?
-33
In base 15, what is -59 - 3?
-5c
In base 2, what is 10000101101 + 0?
10000101101
In base 7, what is -142 + 6?
-133
In base 3, what is -11 - -12?
1
In base 7, what is -32 + 1?
-31
In base 16, what is 19 - 17d?
-164
In base 9, what is 31 + -72?
-41
In base 12, what is -11 - 25a?
-26b
In base 10, what is 2341 - 3?
2338
In base 14, what is -11 + -1?
-12
In base 8, what is -157 + 5?
-152
In base 13, what is -769c + 4?
-7698
In base 10, what is 373 + -5?
368
In base 16, what is 3 - -db?
de
In base 2, what is 10000000 + 1010?
10001010
In base 4, what is 2 + -113232?
-113230
In base 8, what is 13 - 0?
13
In base 3, what is -1220112 + -10?
-1220122
In base 10, what is 45 - 42?
3
In base 10, what is 23 + 86?
109
In base 8, what is -4 - -673?
667
In base 15, what is -646 + 1?
-645
In base 8, what is -5 + 223?
216
In base 15, what is 7586 - 5?
7581
In base 13, what is 5c2 - 1c?
5a3
In base 6, what is 24 + 11151?
11215
In base 6, what is -1 + -423?
-424
In base 7, what is 3316 + -3?
3313
In ba